u - 113*u + 392. Calculate the greatest common factor of u and v.
8
Suppose -3*w = 380 - 482. What is the greatest common divisor of w and 986?
34
Let c = -10 + 18. Let v be 96/(-7)*(-399)/114. What is the highest common divisor of c and v?
8
Suppose 0 = 4*r - 0 - 100. Suppose -i - 21 = -31. Calculate the highest common factor of r and i.
5
Let o be (-397)/(-3) - 1/3. Suppose 57 = 3*u - o. Suppose j + 9 = 2*j. Calculate the highest common divisor of u and j.
9
Let i = 243 - 159. Let h be (0 - 5)/20 + 170/8. Calculate the greatest common factor of h and i.
21
Let i(w) = -w**3 - 4*w**2 - w. Let h be i(-4). Let x be 624/28 + h/(-14). Suppose 0 = -5*y + 4 + 6. What is the greatest common factor of x and y?
2
Suppose 2 = 2*j - 0. Suppose -7*d - 48 = -9*d. Let q be -15*((-6)/d + 2/(-24)). Calculate the highest common divisor of q and j.
1
Suppose -21*x + 9*x = -6828. Let o = x + -385. Calculate the greatest common divisor of o and 23.
23
Suppose -p - 4*f = -339, -2*f - 659 = -2*p + 49. Calculate the greatest common divisor of 65 and p.
13
Let g be (50/6)/((-3)/(-54)). Let w(x) = x**3 + 18*x**2 - 2*x - 6. Let k be w(-18). Calculate the highest common factor of k and g.
30
Suppose -5*l + 2 = -g, -2*g - 2*l + 6 + 14 = 0. Suppose -5*i = -58 + 3. Let o = i - g. What is the highest common factor of o and 6?
3
Let i = 122 - 59. Let p(q) = 2*q**2 - 22*q + 55. Let v be p(3). What is the greatest common factor of i and v?
7
Let i be 3 + 0 + 13 - 0. Suppose -95 = -4*n + 1. Calculate the greatest common divisor of i and n.
8
Suppose 3*k - 29 = 2*k. Let d be (-1)/(k/30 + -1). What is the highest common factor of d and 18?
6
Suppose -4*f - f + a + 3 = 0, -4*f = -5*a - 15. Suppose f = -4*z + 56 + 40. Calculate the highest common divisor of 6 and z.
6
Suppose 7*q - 61 - 142 = 0. Suppose -1022 - 3244 = -3*t. Let o be t/7 + (-1)/7. What is the highest common factor of q and o?
29
Let h be (-39)/((-1 - 2)*6/24). Calculate the highest common factor of 130 and h.
26
Let h = 83 + -29. Calculate the greatest common factor of 513 and h.
27
Let f be 5708/14 - (-22)/77. What is the highest common factor of 24 and f?
24
Suppose -3*t = o - 608, -3*t + 312 = 4*o - 284. Let b be t/9*(-66)/(-4). What is the highest common factor of 34 and b?
34
Let i be 4/18 + (-48)/(-27). Suppose 3*s + 48 = -g + 10, -i*g + 12 = -2*s. Let l = -10 - s. What is the highest common divisor of l and 11?
1
Let l be 3 + (-1 - (-91 - -4)). Let h = l + -81. What is the greatest common factor of h and 64?
8
Let p(g) = 20*g - 6. Let r be p(2). Let v = r + -25. Calculate the highest common divisor of 6 and v.
3
Suppose 350 = 4*n - c - 11, -3*c + 447 = 5*n. Calculate the greatest common divisor of 6 and n.
6
Let k(r) = -r**3 - 6*r**2 + 9*r - 6. Let u be k(-7). Let q be 2/(-4)*11*u. What is the highest common factor of 22 and q?
22
Let d(v) = -v**3 - 14*v**2 + 4*v + 65. Let n be d(-14). What is the greatest common factor of 441 and n?
9
Suppose 3*o - 4*m = -m + 393, 5*o - 679 = -m. Let b be -17*4/(-68)*(16 - 1). Calculate the highest common factor of b and o.
15
Let y = -93 - -158. Suppose 6*z + 18 = 3*r, -3*r + 5*z - 30 = -50. Calculate the greatest common divisor of y and r.
5
Suppose 3*k = -4*y + 160 - 17, 4*y = -4*k + 144. Suppose -222*q = -226*q - 5*g + 51, -59 = -4*q + 3*g. What is the greatest common factor of q and y?
7
Suppose 0 = -5*a + 32 + 8. Suppose f - a*f = -35. Calculate the highest common factor of 15 and f.
5
Let p(r) = 8*r**3 - 3*r**2 + 5*r - 1. Let k = 21 + -19. Let s be p(k). What is the greatest common divisor of s and 305?
61
Suppose 0 = -2*g - 2*c + 6*c, -3*g + 4*c = 0. Suppose 3*a - 66 = -g*a. What is the greatest common factor of 66 and a?
22
Let h = 142 - 92. Calculate the highest common factor of 375 and h.
25
Suppose 2*b + b + 90 = 0. Let d = b + 70. Let x = -20 + 28. Calculate the highest common divisor of d and x.
8
Suppose 4*w = -5*o + 4532, -4*w + 3*o + 4532 = -0*o. Calculate the greatest common divisor of 11 and w.
11
Let c be 5*25/((-25)/(-18)). Calculate the highest common factor of c and 55.
5
Let l(w) = 841*w - 65. Let a be l(1). Calculate the highest common factor of 8 and a.
8
Suppose 1489*n - 351 = 1476*n. What is the highest common factor of n and 18?
9
Suppose 0 = 5*k - 102 - 23. What is the highest common divisor of k and 55?
5
Suppose 4*z + 4 - 18 = -h, 0 = 2*z + 2*h - 4. Let y be (240/32)/(2/z). Calculate the highest common factor of y and 135.
15
Suppose -11*g + 1213 = -470. What is the highest common divisor of 85 and g?
17
Suppose 0 = 4*g - k - 1763, 23*g = 20*g - 4*k + 1346. What is the highest common divisor of 130 and g?
26
Suppose -2*b = -5*r + 342, -4*r = r + 5*b - 335. What is the greatest common factor of r and 119?
17
Let d be 180/(-150) - (-1202)/10. What is the greatest common divisor of 34 and d?
17
Suppose 5*s - 250 = 4*n + 21, 2*s - 4*n = 106. Let w = s - 44. What is the greatest common factor of 209 and w?
11
Suppose 4*w - 1228 = -i, -6*w + 3*w = 3*i - 3675. What is the greatest common factor of i and 51?
51
Let s = -2671 + 2711. What is the highest common factor of 1040 and s?
40
Let g(c) = c**3 + 9*c**2 + 7*c - 8. Let l be g(-5). What is the greatest common divisor of l and 9?
3
Suppose 3*t - 44 = -8. Let l be (-19)/(-3) + 2/(-6). Calculate the greatest common factor of t and l.
6
Let g(b) = b**3 - 4*b**2 + 1. Let c be g(4). Let m be (-130)/((1 - (-2 + c))/(-1)). What is the highest common factor of 26 and m?
13
Let c be 2/2*1 + (-308)/11. Let f be c/((-53)/10 - -5). Calculate the greatest common factor of 10 and f.
10
Suppose -4*i + 4*t = -2260, -5*t - 3083 = -4*i - 818. What is the greatest common factor of i and 5?
5
Let c = 2627 - 2606. What is the highest common factor of c and 777?
21
Let t = -120 + 81. Let k be 2/(6/(-17))*t. Calculate the highest common divisor of k and 13.
13
Let i be 9/(200/(-16) - -17). Let c = 6 + -4. What is the highest common divisor of c and i?
2
Let y(h) be the third derivative of h**5/60 - h**4/4 + 5*h**3/6 + 27*h**2. Let g be y(7). Calculate the greatest common divisor of g and 120.
12
Let k(i) = -i**3 - 7*i**2 + 12*i - 12. Let b be k(-9). What is the greatest common divisor of b and 273?
21
Suppose -5*z - 3*d + 4*d = -103, -2*d - 86 = -4*z. Suppose 6*p - 1079 = -119. Calculate the greatest common factor of p and z.
20
Suppose 4*z = 2*z + 224. Let f be 1/(-5) - 71/(-5). What is the highest common factor of z and f?
14
Let u(f) be the first derivative of f**2/2 - 7*f + 33. Let z be u(8). What is the greatest common divisor of z and 8?
1
Let h be 72/3*((-2)/(-4) - 0). Suppose 0 = -7*w + 3*w + 32. Let v = w - -10. Calculate the greatest common divisor of v and h.
6
Suppose -14*m - 14*m = -280. Calculate the highest common divisor of 130 and m.
10
Suppose 2*g - 4*g = 3*o - 30, -5*o = -2*g - 2. Suppose -j + 4*q = -32, -175 = -5*j + 4*q + q. What is the greatest common divisor of j and g?
9
Let o be (-277)/(-10) - (-114)/380. Calculate the greatest common factor of 3052 and o.
28
Let x = -6 - -5. Let i(o) = 2*o - 1. Let h be i(x). Let l(r) = -2*r**3 - r**2 + 2*r - 1. Let a be l(h). What is the highest common divisor of a and 19?
19
Suppose 1344 = -0*u - 3*u - 5*r, 4*u + 2*r = -1792. Let w = -246 - u. Suppose w = j + 42. Calculate the greatest common divisor of j and 16.
16
Let g(t) = -2*t + 1. Let v be g(-2). Suppose -v*h - 4 = -14. Calculate the highest common factor of h and 6.
2
Suppose -40 = -3*v + 2*h, -v + 16 = -4*h + 6. Suppose 0 = -10*l + 14*l + 140. Let w = l + 105. What is the greatest common divisor of w and v?
14
Suppose -1887 = -3*f + 3*o, -3584 = -4*f + o - 1065. Let x = f + -374. Calculate the highest common factor of 32 and x.
32
Let d(z) = -5*z**3 - z**2 + z. Let s be 4/8*(-3 - 1). Let n be d(s). Let t(c) = 14*c + 1. Let q be t(6). What is the greatest common divisor of n and q?
17
Suppose -23 = -3*y - 2. Suppose 5*v - 20 = 0, 4*a - 3*v + y - 175 = 0. What is the highest common divisor of a and 180?
45
Let x(d) = d**3 + 8*d**2 - 12*d - 23. Let y be x(-9). Suppose -y*n + p = -123, -39 = -2*n + 3*p + 10. Calculate the highest common divisor of 48 and n.
16
Let z = -12 - -22. Let v = -3 - -21. Let k be v/30 - (-714)/z. What is the greatest common factor of k and 8?
8
Let t be 4/5*(-230)/(-4). Let d 